 the remainder when 37836 is divided by 1524?
1260
Calculate the remainder when 108171 is divided by 4505.
51
What is the remainder when 413819 is divided by 220?
219
Calculate the remainder when 360384 is divided by 8.
0
What is the remainder when 177217596 is divided by 1400?
1396
Calculate the remainder when 10007915 is divided by 5003955.
5
Calculate the remainder when 139906 is divided by 1499.
499
What is the remainder when 2715286 is divided by 1357575?
136
What is the remainder when 620539 is divided by 1385?
59
What is the remainder when 42427929 is divided by 349?
348
Calculate the remainder when 310818 is divided by 469.
340
Calculate the remainder when 24808123 is divided by 1240405.
23
What is the remainder when 15636160 is divided by 5212053?
1
What is the remainder when 586590 is divided by 586423?
167
What is the remainder when 52684 is divided by 269?
229
What is the remainder when 4017079 is divided by 11378?
645
Calculate the remainder when 10860648 is divided by 2483.
6
Calculate the remainder when 1173694 is divided by 2471.
2440
What is the remainder when 1477256 is divided by 2072?
1992
Calculate the remainder when 8680308 is divided by 4340152.
4
What is the remainder when 6779518 is divided by 57?
52
Calculate the remainder when 19694075 is divided by 44.
27
What is the remainder when 32079133 is divided by 98705?
8
Calculate the remainder when 10133961 is divided by 412.
409
What is the remainder when 51220 is divided by 24883?
1454
What is the remainder when 38654 is divided by 197?
42
What is the remainder when 3595005 is divided by 128?
125
Calculate the remainder when 631443 is divided by 286.
241
What is the remainder when 2512136 is divided by 632?
568
What is the remainder when 1111187 is divided by 2400?
2387
What is the remainder when 269705 is divided by 14928?
1001
Calculate the remainder when 351970 is divided by 12259.
8718
What is the remainder when 342746 is divided by 2557?
108
Calculate the remainder when 42626 is divided by 21036.
554
Calculate the remainder when 15533446 is divided by 64.
6
Calculate the remainder when 364320 is divided by 2014.
1800
What is the remainder when 415577 is divided by 12685?
9657
Calculate the remainder when 1335280 is divided by 129.
1
What is the remainder when 672617 is divided by 26?
23
What is the remainder when 104350 is divided by 4621?
2688
Calculate the remainder when 24022 is divided by 11588.
846
What is the remainder when 907643 is divided by 53390?
13
Calculate the remainder when 4676884 is divided by 2338419.
46
What is the remainder when 311494 is divided by 3153?
2500
Calculate the remainder when 23751 is divided by 5893.
179
Calculate the remainder when 1393201 is divided by 464292.
325
What is the remainder when 51269 is divided by 2068?
1637
What is the remainder when 2713233 is divided by 542326?
1603
Calculate the remainder when 3323277 is divided by 1107075.
2052
Calculate the remainder when 793991 is divided by 478.
33
Calculate the remainder when 19091130 is divided by 41.
13
What is the remainder when 51631967 is divided by 74505?
2
Calculate the remainder when 1846054 is divided by 369190.
104
What is the remainder when 2566406 is divided by 855431?
113
What is the remainder when 631763 is divided by 327?
326
Calculate the remainder when 1863791 is divided by 133073.
769
What is the remainder when 729211 is divided by 1770?
1741
What is the remainder when 113883484 is divided by 7527?
7501
Calculate the remainder when 73015135 is divided by 1209.
1207
What is the remainder when 103034241 is divided by 442207?
10
Calculate the remainder when 7373131 is divided by 409616.
43
Calculate the remainder when 368558 is divided by 353.
26
What is the remainder when 405305 is divided by 1512?
89
What is the remainder when 14788000 is divided by 156?
136
Calculate the remainder when 66289 is divided by 4731.
55
What is the remainder when 113394050 is divided by 593?
590
What is the remainder when 3440240 is divided by 4986?
4886
What is the remainder when 1792277 is divided by 62?
43
What is the remainder when 44796490 is divided by 234?
232
Calculate the remainder when 256509 is divided by 117.
45
What is the remainder when 6597689 is divided by 850?
839
What is the remainder when 1275970 is divided by 4038?
4000
Calculate the remainder when 5690316 is divided by 1201.
1179
What is the remainder when 362804 is divided by 15?
14
Calculate the remainder when 14175718 is divided by 2835120.
118
Calculate the remainder when 1031970 is divided by 61.
33
What is the remainder when 23777 is divided by 20764?
3013
What is the remainder when 58189412 is divided by 1183?
8
Calculate the remainder when 1690144 is divided by 281686.
28
What is the remainder when 49836 is divided by 492?
144
Calculate the remainder when 221993 is divided by 72952.
3137
What is the remainder when 71242266 is divided by 230?
226
Calculate the remainder when 38770 is divided by 12.
10
Calculate the remainder when 1066685 is divided by 3796.
9
Calculate the remainder when 8204000 is divided by 4101997.
6
Calculate the remainder when 464318 is divided by 4595.
223
What is the remainder when 5169403 is divided by 25465?
8
Calculate the remainder when 23770 is divided by 23766.
4
What is the remainder when 111293 is divided by 11015?
1143
Calculate the remainder when 3135209 is divided by 296.
273
What is the remainder when 47801 is divided by 3024?
2441
Calculate the remainder when 323893 is divided by 1059.
898
Calculate the remainder when 322547 is divided by 3440.
2627
What is the remainder when 2979333 is divided by 375?
333
What is the remainder when 161447 is divided by 316?
287
Calculate the remainder when 60138 is divided by 4037.
3620
Calculate the remainder when 1255 is divided by 69.
13
What is the remainder when 83330707 is divided by 83330698?
9
Calculate the remainder when 189111200 is divided by 103.
7
Calculate the remainder when 3698134 is divided by 8722.
6
Calculate the remainder when 22317624 is divided by 3188232.
0
What is the remainder when 171425 is divided by 28350?
1325
Calculate the remainder when 463663275 is divided by 839.
832
What is the remainder when 3012184 is divided by 8367?
64
Calculate the remainder when 56580677 is divided by 1386.
1385
Calculate the remainder when 7468287 is divided by 128.
127
What is the remainder when 505788 is divided by 1998?
294
What is the remainder when 600594 is divided by 22?
16
Calculate the remainder when 382658 is divided by 14.
10
Calculate the remainder when 53810404 is divided by 17.
15
What is the remainder when 28851 is divided by 26645?
2206
What is the remainder when 403435 is divided by 1595?
1495
Calculate the remainder when 3392143 is divided by 1106.
41
Calculate the remainder when 2677623 is divided by 1338807.
9
What is the remainder when 1321433 is divided by 2498?
2489
What is the remainder when 2573674 is divided by 607?
601
What is the remainder when 914403 is divided by 2400?
3
Calculate the remainder when 169157157 is divided by 449.
448
What is the remainder when 65965497 is divided by 250?
247
What is the remainder when 38089 is divided by 1419?
1195
Calculate the remainder when 2655588 is divided by 2655577.
11
Calculate the remainder when 743599888 is divided by 306.
304
Calculate the remainder when 3742824 is divided by 3199.
3193
What is the remainder when 65070 is divided by 3049?
1041
What is the remainder when 28585 is divided by 2035?
95
What is the remainder when 31355 is divided by 15574?
207
Calculate the remainder when 106908 is divided by 1724.
20
What is the remainder when 74534 is divided by 3362?
570
What is the remainder when 31318262 is divided by 207?
197
What is the remainder when 52537437 is divided by 52537409?
28
Calculate the remainder when 1463417 is divided by 232.
193
Calculate the remainder when 296323 is divided by 20339.
11577
Calculate the remainder when 239913 is divided by 7270.
3
Calculate the remainder when 9998611 is divided by 1666434.
7
What is the remainder when 4909450 is divided by 15?
10
Calculate the remainder when 13502781 is divided by 1505.
1426
Calculate the remainder when 13345023 is divided by 155.
143
What is the remainder when 13609630 is divide